Suppose -3*j = -r - 4508. What are the prime factors of j?
2, 3, 263
Let t = 351 + -345. Suppose -t*m + 10*m = 2164. What are the prime factors of m?
541
Suppose -5*h + 4*f - 32 = 0, 6*f - 4*f = 6. Let k be 22*((-2 - -5) + (-6 - h)). Suppose 2*r + 4*n - k = r, -r + 2*n = -16. What are the prime factors of r?
2, 3
Let d = -2564 + 7884. Suppose -12*u - 2*u + d = 0. List the prime factors of u.
2, 5, 19
Let j be (-12)/(-9) - 2 - (-126)/27. Let d be -2 + (-10)/(-2) - -1. Suppose -h - 157 - 169 = -j*c, 322 = d*c + h. List the prime factors of c.
3
Let o be -181 + -4 + 0 - (-2)/1. Let g = o - -190. List the prime factors of g.
7
Suppose 3*n = -3*p - 0*p + 132, -2*n - 2 = 0. Suppose -s - p = -3*h - 0*h, 3*h - 12 = 0. Let q = -8 - s. List the prime factors of q.
5
What are the prime factors of 1371*(5 + -15)/(-10) + (-1 - -1)?
3, 457
Let n(l) = -2781*l - 129. List the prime factors of n(-3).
2, 3, 37
Let a = -35 + -64. Let u = -57 - a. List the prime factors of (u/28)/((-6)/(-20)).
5
Let g(u) = 2*u**2 - 3*u + 2. Suppose -5*n = -2*f - f + 70, -3*f - 2*n + 77 = 0. Let s be 10/f*5*2. List the prime factors of g(s).
2, 11
Let z = -7761 + 5217. Let h be (24/(-48))/(2/z). Suppose h = 5*i - 2*i. What are the prime factors of i?
2, 53
Suppose -39*c + 40*c = 2. Let k(q) = 2 - q**3 - 7*q**c - 46*q - 2 + 50*q. What are the prime factors of k(-8)?
2
Let a = -56 - -50. Let p be (-207)/a*12/9. Suppose 3*z + p = 136. List the prime factors of z.
2, 3, 5
Let o(v) = v**3 + 4*v**2 + 4*v + 3. Suppose -12 = 4*p + 2*p. Let m be o(p). Suppose -j = -m*j + 144. List the prime factors of j.
2, 3
Suppose -568*i = -569*i + 4*d + 19356, -24 = -4*d. What are the prime factors of i?
2, 3, 5, 17, 19
Let w(q) = 1 - 3*q + 17*q**2 - 15*q**2 - q**3 - 11*q**2. Let f = -30 + 21. List the prime factors of w(f).
2, 7
Let a(l) = -l**2 + 32*l + 147. Let i be a(-4). Suppose 3*r - 4492 = -4*c, -7*r = -2*r - i*c - 7506. What are the prime factors of r?
2, 3, 5
Suppose -3*j - 9 = 12. Let v(l) = -l**2 - 6*l + 12. Let d be v(j). Suppose f + 300 = 3*i, 0*i = d*i + 3*f - 514. List the prime factors of i.
101
Let g(n) = 3*n**3 - 12*n**2 - 16*n + 31. List the prime factors of g(14).
11, 47
Suppose f + 84 = r, 0 + 8 = -2*f. Let q = -75 + r. Suppose q*h + 39 = x - 0*x, -2*h - 54 = -2*x. What are the prime factors of x?
2, 3
Suppose 2*i = -27 + 39. What are the prime factors of -191*i/(-12 - -6)?
191
Suppose 4*t = -3*s + 35, -4*t + 5 = s - 4*s. Suppose t*m = -5*q - 460, 181 = -5*m - 4*q - 275. Let b = -34 - m. List the prime factors of b.
2, 3
Let l(m) = 2*m**3 - 16*m**2 + 27*m - 20. Let k be l(6). List the prime factors of 235 + (2 - 3) + k.
2, 29
Suppose -47 = -23*v + 91. Suppose -32*a - v*a = -21850. List the prime factors of a.
5, 23
Suppose 3786 = 13*z - 11*z. Suppose z - 501 = 6*q. List the prime factors of q.
2, 29
Suppose 3 = -2*t - 11. Let x(c) = -c**3 - 8*c**2 - 6*c + 11. Let a be x(t). Suppose -a*o = p - 39, p - 66 = -o + 6*o. What are the prime factors of p?
3, 17
Suppose 0 = p - 92 - 101. Suppose 0 = -3*a - 5*d + p, 20*a + d + 242 = 24*a. What are the prime factors of a?
61
Let t = 44 - 41. Suppose 0*h + 2*q - 2388 = t*h, 0 = -3*h + 5*q - 2388. List the prime factors of 3 + h/(-8) - 4/(-8).
103
Let p be 195*(-15)/(300/8). Suppose 3*n + g = 415, -5*g - 111 + 379 = 2*n. Let q = p + n. What are the prime factors of q?
61
Let w = 1598 - 2447. Let v = 1193 + w. What are the prime factors of v?
2, 43
Suppose 0 = -5*w + 7 + 8. Suppose 0 = -w*g - g. Suppose g = 10*c - 9*c - 103. What are the prime factors of c?
103
Let n(q) = -2761*q + 5871. List the prime factors of n(-16).
50047
Suppose 3*w = 2*l - 31, -5*w + 0 - 25 = 2*l. Let t(q) = 8*q**2 + 18. List the prime factors of t(w).
2, 5, 41
Suppose 15*s - 94 = 41. Let r(u) = -3*u + 35. What are the prime factors of r(s)?
2
Let k = 22022 - 13870. What are the prime factors of k?
2, 1019
Let x = 56497 + -23336. What are the prime factors of x?
33161
Suppose 12*b - 87 = -15. Suppose -3*m = 5*j - 191, 0 = 2*m + b*j - j - 129. What are the prime factors of m?
2, 31
Suppose -31 = 4*a + p, 0*a - 2*p = -4*a - 34. List the prime factors of 3/(2 + a)*12954/(-17).
3, 127
Let o(w) = -12*w**3 - 8*w**2 - 13*w - 70. What are the prime factors of o(-9)?
8147
Let n(w) = -6*w**3 + 206*w**2 + 75*w - 99. Let r(t) = 4*t**3 - 103*t**2 - 38*t + 49. Let h(b) = 3*n(b) + 5*r(b). What are the prime factors of h(-51)?
2, 191
Suppose -4*h + 3*s + 630 = 0, 3*s = -3*h - 151 + 634. Suppose 164*b - 2160 = h*b. Let z = -248 + b. What are the prime factors of z?
2, 23
Let u(h) = h**3 + 4*h**2 - 3*h - 7. Let d be u(-4). Suppose -411 - 769 = d*q. Let r = q + 347. What are the prime factors of r?
3, 37
Suppose 24*v - 78187 = -15787. Suppose -7*w + 4*g = -3*w - v, 0 = -4*w - 2*g + 2618. List the prime factors of w.
653
Suppose 5*y = 5*x + 14806 + 20759, -4*y - x + 28467 = 0. What are the prime factors of y?
2, 3, 593
Let x = -2477 + 2739. Let j be (-2)/(-7) - (-2054)/14. Let c = x - j. What are the prime factors of c?
5, 23
Suppose -10*o = 3*b - 7*o + 4926, -3*o = b + 1646. List the prime factors of b/(-2) + 2/14*0.
2, 5, 41
Suppose -3*r + 101 - 83 = 0, -5*r + 884 = v. List the prime factors of v.
2, 7, 61
Suppose -386 = 2*h - 4*h. Suppose z + 0*z = -h. Let p = -108 - z. List the prime factors of p.
5, 17
Let b(u) = 15*u + 47. Let m be b(-3). Suppose -m*c + 591 = g + 3*c, 0 = 5*g + c - 2883. What are the prime factors of g?
2, 3
Let k(z) = -4 - 7*z**2 + 19*z**2 + 2*z**2 - 10*z**2 + 11*z. List the prime factors of k(8).
2, 5, 17
What are the prime factors of (5*-4063)/((-2545)/2036)?
2, 17, 239
Suppose 0*f + f + 3*i = 5, 0 = 3*f - 2*i - 4. Suppose -2*w - f*l - 18 = 0, 4*w + 3*l - 6 + 43 = 0. List the prime factors of ((-4)/(-2))/(w/(-395)).
79
Let t(h) = 580*h + 4. Let w be t(1). Suppose w = r + 3*f, r + 3*f - 552 = 8*f. What are the prime factors of r?
2, 11, 13
Suppose 3*r = 2*r - 1, -3*f + 3*r - 474 = 0. List the prime factors of 1/((2 + -3)/(f + 2)).
157
Let u = -1276 + 1512. What are the prime factors of u?
2, 59
Let w(d) = 2920*d - 39. List the prime factors of w(3).
3, 17, 19
Let o(w) = -w**3 - 14*w**2 + 19*w + 48. Let c be o(-16). Suppose 34 = -j + c. What are the prime factors of j?
2, 3, 37
Suppose -8660 = -73*r + 69*r. Suppose -r - 1594 = -7*a. What are the prime factors of a?
3, 179
Let k(t) = -3*t + 3*t - 3 - 2*t + t**2 - 2. Let o be k(11). Suppose -2*v + 5*q + 0*q + 31 = 0, -3*v + o = 2*q. What are the prime factors of v?
2, 7
Let n(m) = 26*m - 44. Let q(u) = -u**3 - 11*u**2 - 11*u + 2. Let r be q(-10). List the prime factors of n(r).
2, 67
Let w(d) = 946*d - 911. List the prime factors of w(31).
5, 5683
Suppose 4*l - 5714 = 7594. Suppose 3*f = -5*t - 970 + 4295, 3*f - l = -3*t. List the prime factors of f.
2, 3, 5, 37
Let v(o) = -98*o + 2. Let i be v(-2). What are the prime factors of (i/(-44))/(1 - (-261)/(-258))?
3, 43
Let u = -396 + 404. Let b(p) = 4*p**2 + 3*p - 14. List the prime factors of b(u).
2, 7, 19
Let w(d) = -326*d + 55. Let c be w(-3). Let x = 171 + c. List the prime factors of x.
2, 7, 43
Let c = 167 - 170. Let b(v) = -275*v + 7. List the prime factors of b(c).
2, 13
Let x = 430 + -424. List the prime factors of x/10 + -6 + 2628/45.
53
Suppose -15*c + 25*c - 1310 = 0. Let w = c + -129. Suppose 4*k + l = 541, -w*l + 312 = 3*k - 90. What are the prime factors of k?
2, 17
Suppose 10 = -5*a - 5*z, -3*a - 2*z - 38 = -7*z. List the prime factors of a/(-21) - (-4472)/28.
2, 5
Let n(c) = c**2 - 4*c - 1. Let d be n(5). Suppose d*b = 5*f - 5, -f - 2*f + 3 = -5*b. Let j(h) = 212*h + 7. List the prime factors of j(f).
3, 73
Suppose 3*d - 1011 = -c, 5*d - 1678 = -5*c + c. Let s be d/(-91) - (-4)/(-14). What are the prime factors of 76 + (7 - 3) + s?
2, 19
Let u = -32170 + 47037. What are the prime factors of u?
14867
What are the prime factors of (-7)/(-6) - 1004835/(-90)?
2, 3, 1861
Let m(i) be the third derivative of -i**4/24 - i**3/6 - i**2. Let t(y) = 3*y**2 - 21*y - 7. Let l(d) = 5*m(d) + t(d). What are the prime factors of l(12)?
2, 3
Suppose -14*q + 161074 = 2*q + 32994. List the prime factors of q.
5, 1601
Let u(c) = -89*c**2 + 2727*c + 3. What are the prime factors of u(21)?
3, 6007
Suppose m - 12 = -3*m. Suppose 0 = o - b - 67, -5*o + 71 = -4*o - m*b. Suppose